. Suppose -7*o + 6415 = j. What is the remainder when o is divided by 40?
38
Calculate the remainder when 26/221 + ((-308)/(-374))/(4/91814) is divided by 19.
17
Suppose 0 = -3*t + 426 + 1236. Suppose -4*i = -3*u - 2243, 2*u = i - u - t. What is the remainder when i is divided by 47?
46
Suppose 26*i = 23*i + 48. Let q(p) = -p**3 - 13*p**2 + 24*p + 19. Calculate the remainder when q(-15) is divided by i.
13
Let g(n) = -2*n**3 + 2*n**2 + 11*n + 13. Calculate the remainder when 28249 is divided by g(-4).
127
Suppose -4*p = 3*w - 714, -5*w + 1225 = -4*p - p. What is the remainder when w is divided by 129?
113
Suppose -256 = 22*g - 1114. Calculate the remainder when 68 is divided by g.
29
Let a(y) = -y**3 + 5*y**2 + 3. Suppose d + 0*d = 5. Let f be a(d). Calculate the remainder when 4 is divided by 48/72 + 4/f.
0
Let x = 33 - 15. Let k(z) = 4*z**2 - 7*z + 7. Let t be k(3). What is the remainder when x is divided by t/(-44) - (34/(-4) + -2)?
8
Suppose 2*u - 412 = -336. Let f be (-2 - -3)*-4*-8. Let p = u - f. What is the remainder when 16 is divided by p?
4
Let q = 3040 + -3031. What is the remainder when 59 is divided by q?
5
What is the remainder when 3/6 - (-3 + 1810/(-20)) is divided by 4?
2
Let h = -28452 - -29896. What is the remainder when h is divided by 36?
4
Let a(k) = 2*k**3 - 1. Let s be a(2). Let u be (-7)/3*(s + 0). Let h = u + 46. Calculate the remainder when 20 is divided by h.
9
Suppose -5*a + 2*j = -7114, 4*a + 2*j = 2*a + 2840. What is the remainder when 121 is divided by a/54 - (-5)/3?
9
Let n = -20057 + 20100. What is the remainder when 14273 is divided by n?
40
Let y(i) = i**3 - 5*i**2 - 9*i - 5. What is the remainder when ((-357)/6)/(5*(-2)/20) is divided by y(7)?
29
Let l(p) = -p + 3. Let f(z) = 24*z - 68. Let r(s) = -6*f(s) - 136*l(s). Let v be 169/(-182) + 4/(-56). Calculate the remainder when 21 is divided by r(v).
5
Suppose 1510 = 3*f + 4*a, 2*f + 20*a - 1003 = 21*a. Suppose -v + 101 = k, 5*v + 7*k = 5*k + f. Calculate the remainder when v is divided by 28.
16
Suppose z + 560 = 5*z. Suppose 0 = j - 6*j + z. Let s(r) = -r**3 - 4*r**2 + 15*r + 10. What is the remainder when s(-7) is divided by j?
24
Let r be 4*(-9)/54*(-112 + 1). Let m = r + -49. What is the remainder when 273 is divided by m?
23
Let v(s) = s**2 + 15*s - 93. Let r be v(-20). Suppose r*l - 428 = 41. What is the remainder when 132 is divided by l?
65
Suppose -5*y + 504 = -7119 + 1093. What is the remainder when y is divided by 446?
414
Suppose -5*p + s + 891 = 0, 5*s + 159 = 4*p - 3*p. Suppose p = -3*d + 317. What is the remainder when d is divided by 28?
18
Suppose -2491 = 15*d - 61*d - 53. Calculate the remainder when 601 is divided by d.
18
Suppose -4*y = -5*o + 790, -41*o + 3*y + 147 = -40*o. Calculate the remainder when o is divided by 33.
30
Let l(c) = c**3 - 35*c**2 + 288*c + 32. Calculate the remainder when 616 is divided by l(13).
36
Suppose 0 = p - 3*y + 541, p - 1080 = 3*p - 4*y. Let q = p - -542. What is the remainder when 107 is divided by q?
3
Let j(k) = -3*k - 85. Let m be j(-25). What is the remainder when 164 is divided by (-2)/m*1 - (-164)/5?
32
Suppose -58*j - 4619 + 52643 = 0. What is the remainder when j is divided by 411?
6
Let k be 286/(-3) - (-4 + 77/21). Let p = 124 + k. Calculate the remainder when 96 is divided by p.
9
Suppose 4*h + 5*i - 11886 = 0, -19*h - 4*i - 14796 = -24*h. What is the remainder when h is divided by 129?
126
Suppose 1241*h = 324*h + 456048 + 93235. What is the remainder when h is divided by 171?
86
Calculate the remainder when 791 is divided by (24 - 23)/(3/93)*1.
16
What is the remainder when 633760/(-1020)*6/(-8) is divided by 116?
2
Let u = -452 - -604. Let l = u - 141. Calculate the remainder when l is divided by 2.
1
Let l = 58 - 2. Suppose -23*v = 16*v - 52*v + 234. Calculate the remainder when l is divided by v.
2
Let i = -77 - -72. What is the remainder when 23 is divided by (-2 + (5 - 10))/(-1) - i?
11
Suppose 0 = -3*w - 23*a + 24*a + 409, 4*w + a = 564. Calculate the remainder when 572 is divided by w.
16
Let w = -7345 - -10798. What is the remainder when w is divided by 96?
93
Let a(t) = 3*t**2 - 5*t + 3. Let s be a(3). Let u = 27 - s. Calculate the remainder when (297/(-15))/((-1089)/1815) is divided by u.
9
Let f(d) = -9*d**2 + 138*d - 153. Suppose 0 = -5*m + i + 196 + 1153, 0 = -5*m - 5*i + 1325. What is the remainder when m is divided by f(14)?
14
Suppose -214 = 3*r - 619. Suppose -15*h = -10*h - r. Calculate the remainder when 40 is divided by h.
13
Suppose -25*n + 720100 = 233596 - 558446. Calculate the remainder when n is divided by 110.
108
Let q be (8/(-16))/(2 - 25/12). Let j(y) = 3*y**2 - 3*y - 13. Let x = 246 + -230. Calculate the remainder when j(q) is divided by x.
13
Suppose 26*x - 240 = -32. What is the remainder when (35/2 + 2)*2 is divided by x/68 - 168/(-17)?
9
Suppose 2*n - 3*j + j = 2330, 0 = -n + 2*j + 1163. Suppose -786 = -7*l + n. Calculate the remainder when l is divided by 8.
7
Let a = 1627 + 1518. Calculate the remainder when 157 is divided by a/55 - 2 - (-10)/(-55).
47
Let m(v) = -4*v**3 + 37*v**2 + 2*v**3 + 2*v + 44*v**2 - 83*v**2. Calculate the remainder when 20 is divided by m(-2).
0
Calculate the remainder when 221 is divided by (9 - 15)*((-3)/(-18))/((-1)/116).
105
Let q be (-3)/7 + ((-342)/(-63) - -2). Suppose q*b + 432 = 15*b. Calculate the remainder when b is divided by 27.
0
Let w(p) be the third derivative of 0*p + 1/60*p**5 + 0 + 2/3*p**3 - 11*p**2 - 1/4*p**4. Calculate the remainder when 15 is divided by w(6).
3
Let a be (0 - -1)/((-4)/40). Calculate the remainder when 19 is divided by 6 - (a - 4 - -8).
7
Let b(w) = 4*w**2 + 60*w + 13. Let i(d) = -d**2 - d + 1. Let a(c) = b(c) + 2*i(c). Calculate the remainder when 162 is divided by a(-29).
12
Suppose -22 = -3*w - 4*x, 7*x + 28 = 2*w + 3*x. What is the remainder when 471*(80/24)/w is divided by 41?
34
Let h(c) = 1 + 0 - 5 - c. What is the remainder when (9 + (-130)/15)*57 is divided by h(-8)?
3
Let z(u) = u**2 + 29*u - 89. Let x be z(-27). Let o(h) = h**3 + h**2 + h + 204. Let d be o(0). Let w = d + x. What is the remainder when w is divided by 16?
13
Let w = -29 - -31. Let b be (w/(-3))/((-16)/(-24)). Calculate the remainder when ((-35)/(-15))/(b/(-15)) is divided by 9.
8
Suppose 0*h + 42 = -f - 2*h, -74 = 2*f + 2*h. Let o = 41 + f. Suppose -14*g + 455 = -o*g. What is the remainder when g is divided by 23?
22
Let s = 46 - -99. Suppose -5*i - 4*y = -138, -i - y + 24 = y. What is the remainder when s is divided by i?
25
Let d = -12977 + 13089. Calculate the remainder when 37407 is divided by d.
111
Let s(f) = 3*f**2 + 12*f - 125. Let j = 375 - 387. What is the remainder when s(j) is divided by 33?
31
Suppose 5*h - 39 = -d, -h + 67 = 5*d - 8. Suppose 2870 = d*t - 308. What is the remainder when t is divided by 78?
71
Let j(l) = 40*l**2 + 7*l - 6. Let v be j(1). Suppose -v*p = -36*p - 245. What is the remainder when 241 is divided by p?
45
Let x = 540 + -531. Calculate the remainder when 1473 is divided by x.
6
Suppose -17*b + 556 + 1391 = -450. Calculate the remainder when 1017 is divided by b.
30
Let c be -2*(-4 - (-15)/6). Calculate the remainder when (-18)/27 - (-164)/c is divided by (1*(-29)/3)/((-28)/84).
25
Let r = -318 + 322. What is the remainder when -3 + 1 + (20 - r) is divided by 6?
2
Let j = -9548 - -9584. What is the remainder when 195 is divided by j?
15
Suppose 5*l + 2*d = 1974, 21*d - 16*d + 749 = 2*l. What is the remainder when 1137 is divided by l?
353
Suppose 0 = -10*p + 820 - 100. Suppose -7*u + 11*u = p. What is the remainder when u is divided by 13?
5
Suppose -27*l + 19*l + 5440 = 0. Calculate the remainder when (-195)/26*l/(-25) is divided by 26.
22
Suppose 27*k + 12 = 21*k. What is the remainder when 79 is divided by (-8)/k*32/4?
15
Let j(d) = -8*d + 88. Let s be j(6). Let h(n) = -n**2 + 43*n + 86. Calculate the remainder when h(s) is divided by 9.
8
Let q be 10 - (-10)/5 - 6. Suppose -q*g - 56 = -11*g + 2*i, g + 5 = -5*i. Calculate the remainder when 49 is divided by g.
9
Suppose 9 = -4*q + 4*r + 21, -8 = -3*q + 4*r. Suppose -b = -q*b + 9. Suppose 6*x - 3*x - k = 22, 4*k = x - 11. What is the remainder when x is divided by b?
1
Suppose -3*w + 2 = 8. Let i(j) = -26*j - 2. Suppose -m - 